rmine v(-7).
6
Let f(k) = -k**3 + 4*k**2 - 2*k - 1. Suppose 2*g = -2*g - 24. Let w be 4/8 - g/4. What is f(w)?
3
Suppose 3*i - 2*i = -4*u - 20, i - 5*u = 25. Let l(b) = -b**3 + b**2 - 8. Give l(i).
-8
Let t(y) = 3*y**2. Suppose 0 = 2*b - 4. Let s(z) = z**2 - 3*z + 3. Let m be s(b). Calculate t(m).
3
Let u(o) = -o + 3. Let y(n) = 10*n**3 - 2*n + 1. Let g be y(1). Suppose -2*q - 3*s + 9 = -12, 0 = 2*q - s - g. Let r = q - 6. Give u(r).
3
Let b = 21 - 14. Let y(u) = -3 + u**2 + b*u - 7*u. What is y(0)?
-3
Let c(m) = 9*m + 5*m + 4*m - 17*m. Let b(j) = -j. Let d be b(2). Let v be 10*((-3)/d - 2). Give c(v).
-5
Let i(c) be the first derivative of 11*c**3/3 - c**2 + c + 14. Calculate i(1).
10
Let f(u) be the first derivative of -u**4/12 + u**3 + u**2/2 - 9*u - 2. Let r(w) be the first derivative of f(w). What is r(6)?
1
Let z(d) be the second derivative of -d**3/6 + 5*d**2 + 6*d. Calculate z(0).
10
Let v = 22 + -5. Suppose -4*d + v = -15. Suppose d = -2*n - 0*n. Let q(z) = 3*z + 6. Calculate q(n).
-6
Let q(o) = -o**3 - o**2 + o + 3. Let c be q(0). Let l(z) = -7*z**2 + 4*z - 3. Let i(n) = 14*n**2 - 9*n + 7. Let r(h) = c*i(h) + 7*l(h). Determine r(1).
-6
Let n(l) be the first derivative of 3*l**2 + 0*l**2 - 6*l**2 + l + 3. Calculate n(1).
-5
Let s(k) = -k**2 + 8*k + 8. Let r be s(8). Let m(n) = 9*n + 0*n - 8 - r*n. Determine m(4).
-4
Let z be (12 - 15)/(6/(-16)). Let a = z + -5. Let k(q) = -q**3 + 2*q**2 + q. What is k(a)?
-6
Let x(c) = 17*c - 31*c + 1 + 18*c + 1. Give x(-2).
-6
Suppose -3*q = 5*z - 6 - 1, 0 = -3*q + 4*z - 38. Let b(o) = -o**3 - 5*o**2 + 8*o + 9. What is b(q)?
-3
Let y(k) be the second derivative of k**5/20 - k**4/12 + 3*k. Let v be 12/(-2)*(-7)/42. Determine y(v).
0
Let m(y) = y**3 + 2*y**2 + 3. Let l = -15 + 21. Suppose -o + 15 = -l*o. Let j be m(o). Let q(n) = n + 7. Give q(j).
1
Suppose 0 = -5*i + 20 + 5. Suppose 2*k - 7*k = i*h - 30, 14 = -3*h + 5*k. Suppose -26 = 4*m + 2*v, h*m - 17 = 2*v + 3*v. Let f(t) = -2*t - 1. Calculate f(m).
7
Let k(t) = -11*t. Let a(u) = 21*u. Suppose -2*c + 7 = -3*c. Let h(l) = c*k(l) - 4*a(l). Give h(1).
-7
Suppose 0*r + 1 = a + r, a - r + 9 = 0. Let g(f) = -f**3 - 3*f**2 + 3*f - 1. Give g(a).
3
Let i(u) be the third derivative of u**4/6 - u**3/6 + 2*u**2. Let a be -2*1/2*1. Let h = a + 3. Determine i(h).
7
Let r(y) be the third derivative of -y**5/60 + y**4/24 - y**3/2 + y**2. Let m = -6 + 10. Suppose -m*k = -5*k. Calculate r(k).
-3
Let y be 3/(-2)*(3 - (-4 - -3)). Let a(l) = 2*l + 2. Calculate a(y).
-10
Let y(k) be the second derivative of -k**5/20 - 5*k**4/12 + k**3/6 + 7*k**2/2 + 2*k. Suppose -5*v = 2*d - 0 + 25, -15 = 3*v + 2*d. Determine y(v).
2
Let k(j) = j**3 + 4*j**2 - 2. Let t = 16 - 18. What is k(t)?
6
Let w = -43 + 173/4. Let q(s) be the first derivative of -s**3 - 3/2*s**2 + w*s**4 - 1 - s. Calculate q(4).
3
Let x be 2/5*-9 + (-4)/10. Let p(l) = -l**2 - 3*l - 6. What is p(x)?
-10
Let a(s) = -4*s + 1. Let n(h) = h. Suppose -5 = 4*i - 25. Let q(r) = i*n(r) + a(r). Let u be 1*8*(-1)/2. What is q(u)?
-3
Let b(n) = n + 4*n + 10 + 2*n**2 + n - n**2. Calculate b(-7).
17
Let i(c) = 2*c**3 + c**2 - 6. Let m(j) = 3*j**3 + 3*j**2 - j - 11. Let z(k) = 5*i(k) - 3*m(k). Calculate z(3).
3
Let j(a) = a + 6. Let z be j(-2). Let d(b) be the third derivative of -b**6/120 + b**5/20 + b**4/6 - b**3/6 - 4*b**2. Determine d(z).
-1
Let v(k) = k - 8. Let x be v(7). Let r(n) = n. Let i(d) = 5*d - 1. Let f(t) = x*i(t) + 6*r(t). Let h(l) = l**3 + 3*l**2 - l - 3. Let o be h(-3). Give f(o).
1
Let j(q) = -6*q**3 - 9*q**2 - 5*q + 4. Let c(s) = 7*s**3 + 10*s**2 + 6*s - 5. Let o(v) = 5*c(v) + 6*j(v). What is o(-3)?
-10
Let z = 4 + -2. Let k = 5 + -4. Let r(v) = -k + 1 + 6*v - 4*v. Determine r(z).
4
Let o be (81/(-54))/(1/2). Let f(z) = z**3 + 3*z**2 - 2*z. Give f(o).
6
Let a(y) = -8*y - 2. Let w = -7 - -5. Determine a(w).
14
Let o(k) be the first derivative of -6*k + 1 - 1/3*k**3 - 2*k**2. Let t = 1 - 5. Determine o(t).
-6
Let r = 2 + -5. Let x(d) = d**3 + 4*d**2 + 3*d + 2. Let s be x(r). Let i(b) = -1 - 3 + 2 + b**s - b. Calculate i(-2).
4
Let m(n) be the first derivative of n**4/24 - 2*n**2 - 3. Let y(a) be the second derivative of m(a). Give y(0).
0
Let m(w) be the first derivative of w + 3/2*w**2 - 2. What is m(-2)?
-5
Let h(m) = m**2 - 2*m + 3 - 2 - 5*m**2 - m**3. Let i(z) = -4*z**2 - z + 1. Let g(y) = -y**2 + y + 1. Let o(q) = -3*g(q) + i(q). Let d be o(-4). Calculate h(d).
-3
Let j(i) = i**2 + i + 3. Let g be j(0). Let v(f) = -11 - 2*f**g + 3 + f**3 - 1 + f**2. Suppose 2*k + 3 = c, -4*c + 12 = -0*c. What is v(k)?
-9
Let t(v) = -v**3 - 4*v**2 - v - 3. Suppose 22 = h + 5*l, 3*h + l = -0*h + 38. Let c = 17 - 9. Suppose -5*a - c = h. Calculate t(a).
1
Let l(h) = h + 6. Let o be l(-13). Let y(a) = a - 6. Determine y(o).
-13
Let a = -32/9 - -38/9. Let o(h) be the first derivative of 3 - 1/4*h**4 + 2*h - a*h**3 + 2*h**2. What is o(-3)?
-1
Let n(k) be the third derivative of -k**4/24 + k**3/6 - 2*k**2. Give n(4).
-3
Suppose 4*j + 24 = 5*k, -3*j - 5*k = -0*k - 17. Let o(n) = 5*n - 4. Let h(q) = 9*q - 7. Let y(a) = -3*h(a) + 5*o(a). Determine y(j).
3
Let o(j) = -3*j**2 + 4*j + 1. Let x be 40/15 - (-4)/12. Calculate o(x).
-14
Let b(f) = -7*f**2 - 9*f - 11. Let q(a) = -a**2 - a - 1. Let y(m) = -b(m) + 6*q(m). Calculate y(-4).
9
Let v(x) = x**2 + 6*x + 2. Let s(r) = r**2. Let f(j) = 2*s(j) - v(j). Suppose 5*p + 10 - 40 = 0. Calculate f(p).
-2
Suppose -3*j + 20 = 2*j. Let g be 9/(-2) - (-2)/j. Let a(q) = -q - 3. Give a(g).
1
Let n be -7 + (6/(-2) - -1). Let w = -3 + 8. Let p = n + w. Let a(x) = x**3 + 5*x**2 + 4*x - 3. Give a(p).
-3
Let c(h) = -h**3 - h + 1. Let f(z) = -5*z**3 + 6*z**2 - 7*z - 1. Let p(m) = 4*c(m) - f(m). Determine p(4).
-15
Suppose 5*c + 4*q = 4*c - 17, 0 = -2*c - q - 6. Let y(f) = 4*f**2 + f + 1. Let z be y(c). Let t(r) be the first derivative of -r**2/2 + 1. Determine t(z).
-4
Let h(j) = 10*j**3 - j**2 - j + 1. Let o(c) = -3*c - 2. Let q be o(-2). Let r(u) = 3*u**2 + u + 1. Let d be r(-1). Let n = q - d. Determine h(n).
9
Let b(t) = -t**2 - 171 + 91 + 12*t + 88. Determine b(13).
-5
Let k = -4 + 4. Let q(b) = -b + 1. Let u(d) = 4. Let i(x) = q(x) + u(x). What is i(k)?
5
Suppose 2*d = 8*d. Let m(c) be the second derivative of -c - 5/2*c**2 - 1/6*c**3 + d. What is m(-3)?
-2
Let g(q) be the second derivative of -q**3/6 + 5*q**2/2 + 4*q. Give g(-4).
9
Let n be (-8 - -2)/(27/(-6)). Let f(o) be the first derivative of 2*o**2 + n*o**3 - o + 1 + 1/4*o**4. Give f(-3).
-4
Let v(u) = -20*u**3 - 2*u**2 - u. Let h = -16 - -15. Calculate v(h).
19
Let b(l) be the second derivative of -l**5/20 - l**4/4 + l**3 + 3*l**2/2 - l. Let x be 3 + (0 - 3/3). Suppose -12 = x*t - 4. What is b(t)?
-5
Let x be 8 - 2/(0 + 1). Let f(y) = -5 + 8*y + 72*y**3 + 5*y**2 + 3 - 73*y**3. Give f(x).
10
Let f(y) = y**2 + 2*y. Let a = -9 + 7. Calculate f(a).
0
Let n(d) = 7*d**2 - d**3 + 0*d**2 - d**2 - 9 + d**2 + 2*d. What is n(7)?
5
Let b = 18 + -19. Let x(f) = 9*f**3 - f**2 - 2*f - 1. Determine x(b).
-9
Let h = 10 + -6. Suppose 0*s + s = -h*i - 3, -4*s + 2*i = 30. Let v(f) = -f**2 - 7*f - 7. Determine v(s).
-7
Let t(j) = 3 - 4 - 7*j + 8 - 5. Determine t(2).
-12
Let s(q) = -q**3 - q - 1. Let d(x) = x**3 + 2*x. Let y(h) = -d(h) - 2*s(h). Calculate y(2).
10
Let i(f) = f + 8. Let o = 23 + -29. Give i(o).
2
Let i be (-6)/27 - (-4)/18. Let b(w) = 6*w - 4*w - w - 2 - 2*w + w**2. Determine b(i).
-2
Let n(m) = -8*m - 1. Let z(w) = w + 15. Let q be z(-7). Let y be q/(-12) - 2/6. Determine n(y).
7
Let g(n) = -n**3 + n**2 + n + 1. Let q be (28/(-8) + 4)*-2. Let l be g(q). Let b(f) = -4*f**2 + 4*f - 3. What is b(l)?
-11
Suppose 0*v - 15 = -3*v. Suppose -7 = f + 5*b, -b + 6*b = v*f + 5. Let q(j) = -2*j + 2. Calculate q(f).
6
Let i = -1 + 0. Let f(m) = -7*m - 1. Calculate f(i).
6
Let i = 37 - 22. Let a be (i/2)/5*2. Let k be -2*1 + 1 + a. Let b(x) = x**2 + x - 1. Determine b(k).
5
Let r(l) = l**2 + 4*l - 3. Let v be r(-5). Let b be (-8)/(-20)*4*10. Suppose -v*h - 2*h = -b. Let k(x) = x**3 - 4*x**2 - x. Calculate k(h).
-4
Let i = 3 + -2. Let a be ((-6)/(-9) - 0)*(-45)/6. Let o be -3*i - (3 + a). Let t(q) = 5*q**3 + q + 1. Calculate t(o).
-5
Let q(n) = 3*n**2 - 5*n + 6. Let o(w) = -3 + w - 2*w + w**2 + 4 + 0*w. Let y(u) = -6*o(u) + q(u). Calculate y(-1).
-4
Let u(